 (-2)/6*(-11 + 2). Suppose -r*o = 5*a - a - 4780, -3180 = -2*o - a. What is the tens digit of 32/(-176) + o/22?
7
Suppose -5*x = 674 - 2589. What is the tens digit of x?
8
Suppose m - 2 + 4 = 0. Let z be (-1)/((-1)/m*-2). What is the tens digit of ((-4)/(-8))/(z/58)?
2
Let k = -499 - -431. Suppose 2*x - 35 + 243 = 3*l, 4*x + 406 = l. Let t = k - x. What is the units digit of t?
3
Suppose -s - 6 = -5*h + 5, 5*h - 15 = 5*s. Suppose 0 = -3*n + 2 - 5, 0 = v - h*n - 17. What is the units digit of v?
5
Let p = 145 + 8. What is the units digit of p?
3
Let x = 61 + -29. Let m be 4*-2*(-12)/x. Suppose -s - s - 2*o = -26, 0 = -m*s - 4*o + 39. What is the tens digit of s?
1
Let b(q) = q**3 + 13*q**2 + 14*q + 9. Let u be b(-12). Let d(a) = a**3 + 16*a**2 + 13*a + 1. What is the tens digit of d(u)?
3
Suppose 5*p + 5*c = 15, -4*p - 2*c = -c - 15. Suppose -p*l - x + 122 + 263 = 0, -5*l - 5*x = -485. What is the tens digit of l?
9
Let r(a) = 181*a + 52. What is the tens digit of r(10)?
6
Suppose 20*z - 104 = 16*z. Suppose z = s + 3. What is the tens digit of s?
2
Let q(c) = c**2 + 18*c + 16. Let l be q(-17). Let r(v) = -22*v**3 - 3*v**2 - v + 1. What is the tens digit of r(l)?
2
Suppose x - 7 = -4*m + 22, -5*x = -5*m - 270. Let y = 31 + -10. Suppose 5*k = x + y. What is the units digit of k?
4
Suppose -702 = -4*g + 1170. What is the units digit of g?
8
What is the tens digit of 2316/15*(-5 + 10)?
7
Suppose -11604 = -7*p - 2042. What is the units digit of p?
6
Let x be 30*(-12 + 9 + -1 + 7). Suppose 4*t = -4*g + 32, 13 = 2*g + 3*t - 7. Suppose -x = -j - g*j. What is the tens digit of j?
1
Let m(z) = z**2 - 27*z + 224. What is the hundreds digit of m(36)?
5
What is the units digit of (1869 - -3) + -6 - -6?
2
Let a(m) be the first derivative of 3*m**2/2 - 9*m + 3. What is the tens digit of a(11)?
2
Let u = 3 + -2. Let c(i) = 1 + 0*i + 5*i + 12*i + 45*i. What is the units digit of c(u)?
3
Suppose a + 5*d - d - 63 = 0, -2*a = -5*d - 152. Let p = a - 40. What is the tens digit of p?
3
Let w = -144 + -29. Let r = 152 - w. What is the units digit of r?
5
Suppose 0 = 13*w - 2*w - 4829. What is the tens digit of w?
3
Let i be (-111)/(-5) - (-2)/(-10). Let u = i - 14. What is the tens digit of 45*(u/6)/2?
3
What is the tens digit of 3223/4 + 2 + 14/(-8)?
0
Suppose -3*w - 3*j = -7*w + 10738, 5*j + 10742 = 4*w. What is the hundreds digit of w?
6
Let i(f) = -24*f**2 + 2*f - 4. Let h(l) = -25*l**2 + 2*l - 5. Let w(x) = 6*h(x) - 7*i(x). What is the tens digit of w(2)?
6
Let u = -79 + 81. What is the hundreds digit of 2*(u - 884/(-8))?
2
Let t be 4 + (-28)/(-2) + 0. What is the tens digit of (-6)/(-36) + 357/t?
2
Suppose 13188 = 17*v - 40005. What is the hundreds digit of v?
1
Let o(i) be the third derivative of 1/2*i**3 + 7/12*i**4 + 0 + 0*i - 1/60*i**5 - 7*i**2. What is the tens digit of o(6)?
5
Let p(w) = -w**3 + 10*w**2 + 9*w - 7. Let i(o) = -o**2 + 16*o + 27. Let x be i(17). What is the tens digit of p(x)?
8
Suppose 0 = 4*m + 4*z - 24, 0*m + 5*m - z - 12 = 0. Suppose -7*n = -m*n - 304. What is the units digit of n?
6
Let i(g) = g**2 + 4*g + 6. Suppose -z + 0 = 5. Let r be i(z). Let c = r + -6. What is the units digit of c?
5
Suppose 5*y = 17 - 2. Suppose 3*f + f + c = 43, 4*f + y*c - 49 = 0. What is the units digit of (-114)/(-5) - f/(-50)?
3
Let b = -32 + 35. Suppose b*y = -24 + 180. What is the tens digit of y?
5
Suppose -99*a + 112*a - 5486 = 0. What is the tens digit of a?
2
Let p be 0 - ((-4)/1 + 1). Suppose p*t = -2*n + 82, 4*t + 0*n + n = 101. What is the tens digit of t?
2
Let c(f) = -3*f**3 + 3*f - 7*f**3 + 8*f**3 + 2*f**2 + f**3 + 192. What is the hundreds digit of c(0)?
1
Let v = -2740 + 4615. What is the units digit of v?
5
Suppose 36*m = -8764 + 32020. What is the tens digit of m?
4
Suppose 0 = -4*w + 331 + 141. What is the hundreds digit of w?
1
Suppose 3*l - 9193 = -2923. What is the tens digit of (-2)/1*l/(-20)?
0
Let u(k) = 5*k + 2*k - 6*k - 2. Let j be u(0). What is the units digit of j/9 - 188/(-36)?
5
Suppose 0 = -5*a + 13*a + 2008. Let j = -135 - a. What is the tens digit of j?
1
Suppose 5*s = 2*o - 5*o - 29, 5*s + 5*o + 35 = 0. What is the tens digit of (s + 1)*(-335)/15?
6
Suppose 2*u + 2*u + 326 = -2*z, 4*u = -3*z - 481. Let m = 237 + z. What is the units digit of m?
2
Let g be (-40)/25 - (-6)/(-15). Let a(u) = -7*u**3 - 2. Let v be a(g). Let n = v + -38. What is the tens digit of n?
1
Suppose -t = 3*t. Suppose i + i - 10 = t. Suppose 24 = k + 2*d, 102 = i*k - 0*d + d. What is the units digit of k?
0
Let r = -80 + 169. Let n = -23 + r. What is the tens digit of n?
6
Let g(t) be the second derivative of -t**4/12 - 17*t**3/6 - 15*t**2/2 - 10*t. What is the tens digit of g(-13)?
3
Suppose 99225 = 152*s - 127*s. What is the thousands digit of s?
3
Let i(m) = -3*m**3 + 80*m**2 - 7*m + 37. What is the hundreds digit of i(26)?
2
What is the hundreds digit of (4/(-8)*2)/(6/(-17466))?
9
Let p = 510 + -310. What is the tens digit of p?
0
Let i be -1 + (-1)/(-2 + 1). Suppose i = -6*q + 2*q + 56. What is the tens digit of q?
1
Let s(v) be the first derivative of v**4/4 + 8*v**3/3 + 2*v**2 + 9*v + 161. Suppose r + 4 + 2 = 0. What is the units digit of s(r)?
7
Suppose -2*k + 606 = -5*z, 4*k + 6*z = 11*z + 1212. What is the units digit of k?
3
Let w(b) = -b + 4. Let u be w(0). Let m = u + -6. What is the units digit of 1/3 - m/3?
1
Let a = 529 + -329. What is the units digit of a?
0
Let h = 19 - 5. What is the tens digit of (h + -9)*(-128)/(-10)?
6
Let k(n) = 3*n + 3. Let d be k(-1). Suppose d = -2*h + 49 - 39. What is the units digit of h?
5
Let u(p) = 317*p**2 - 71*p + 4. What is the units digit of u(4)?
2
Let z(y) = -y**3 - 10*y**2 - 18*y - 64. What is the units digit of z(-12)?
0
Let p(m) be the third derivative of m**5/60 - 19*m**4/24 + 7*m**3/3 - 5*m**2. Let t be p(19). Let s = 56 + t. What is the tens digit of s?
7
Let z be (2/7)/(1/7). Suppose -4*i = 4*b - 8, -z*b = -i - 3*i + 26. Suppose 2*u = i*u - 30. What is the units digit of u?
0
Suppose b - 243 + 23 = 0. What is the tens digit of b?
2
Let l = 183 - -297. What is the tens digit of l?
8
Let g be 84/(-70)*5/(-2). Suppose 0 = 4*t + 20, l = -3*l - g*t + 229. What is the tens digit of l?
6
Suppose -27*h - 4077 = -30*h + f, -5*h + 6806 = 2*f. What is the tens digit of h?
6
Let d be (-9)/(-36) - (-6)/8. Suppose -w - 6 = -d, -3*s + 391 = 4*w. What is the units digit of s?
7
Let f = 9 - -7. Suppose -v + 2*i + 11 = 0, -2*v - 2*v + i = -f. What is the units digit of v?
3
Suppose -5*k - 5 = -35. Suppose -k = v - 10. Suppose 6*h - 3*h = 4*r - 130, -114 = -v*r - 5*h. What is the tens digit of r?
3
Let w = -121 - -191. What is the tens digit of -1*(-4)/14 - (-8800)/w?
2
Let t(p) = 18 + 20 - 15*p - 41. Let z(r) = r**3 + 4*r**2 + 3*r - 2. Let h be z(-3). What is the tens digit of t(h)?
2
Suppose 5*z = 4*h - 0*h - 548, -2*z = 0. Let m = 195 - h. Suppose -x + 131 = 4*p, -3*x = 2*p - x - m. What is the units digit of p?
4
Suppose -3*a = 10 + 2, -7142 = -5*c - 2*a. What is the hundreds digit of c?
4
Suppose -16*l + 28210 = -2894. What is the tens digit of l?
4
Let m(o) = -o**3 + 5*o**2 + 7*o - 7. Let t be m(6). Let u be (3 + -8 + 2)*t. Let w = u + 13. What is the units digit of w?
6
Let j be (-3 - -6)/(0 - -1). Suppose j*q + 2*q - 30 = 0. What is the units digit of q?
6
Suppose -3*h - 2*h + 4*t = -370, -5*h + 325 = 5*t. What is the tens digit of h?
7
Let j(k) = -k**3 - k**2 + k. Let o(a) = 4*a**3 + a - 1. Let m(f) = 2*j(f) + o(f). What is the tens digit of m(4)?
0
Let p(z) = 70*z. Let b be (-20)/(-5) + 3*-1. What is the units digit of p(b)?
0
Let d(z) = 13*z**2 + 65. What is the tens digit of d(7)?
0
Let p be (-2 + 4)*59/(-2). Suppose -2*l + 68 = 4*m - 122, -3*m + 461 = 5*l. Let u = p + l. What is the units digit of u?
2
What is the units digit of (3 - 1449/56)*-8?
3
Let f(s) = 5*s - 1. Let m be f(1). Let l(v) = -2*v**3 - 7*v**2 + 7*v + 10. Let d be l(-4). What is the units digit of (26/(-4))/(d/m)?
3
Let r = 8371 - 4897. What is the thousands digit of r?
3
Let a be 3 - 2 - (-2 + 49). Let q = -1 + a. Let m = q + 84. What is the tens digit of m?
3
Let n be (4/5)/((-1)/(-5)). Suppose -n*h - 1 = -21. What is the units digit of (-4)/20 + 81/h?
6
Let h be (-1 - 2)/(12/(-8)). Suppose a - h - 2 = 0. Suppose -3*o - 20 = -